4 and 11612.
4
What is the highest common factor of 2615 and 100939?
523
What is the greatest common factor of 62992 and 48?
16
Calculate the greatest common factor of 6070 and 20.
10
Calculate the greatest common divisor of 18 and 2406.
6
What is the greatest common factor of 73980 and 26460?
540
Calculate the highest common divisor of 747041 and 7273.
1039
What is the greatest common factor of 4644 and 2752?
172
What is the highest common divisor of 195917 and 214?
107
Calculate the highest common divisor of 21340 and 8690.
110
Calculate the highest common factor of 4270 and 200080.
610
Calculate the highest common factor of 104 and 1096.
8
Calculate the highest common factor of 235 and 4042.
47
Calculate the highest common factor of 51499 and 735.
49
What is the highest common divisor of 902 and 276586?
82
Calculate the highest common divisor of 909 and 24.
3
What is the greatest common divisor of 623 and 203?
7
Calculate the highest common divisor of 12222 and 12416.
194
What is the greatest common factor of 96 and 2712?
24
What is the greatest common divisor of 231652 and 232?
116
Calculate the highest common factor of 118188 and 68474.
938
Calculate the greatest common divisor of 110625 and 4071.
177
Calculate the highest common divisor of 146991 and 39.
39
Calculate the highest common factor of 750711 and 13.
13
Calculate the highest common divisor of 1712 and 34454.
214
Calculate the highest common divisor of 360064 and 464.
464
Calculate the highest common factor of 33 and 4377.
3
Calculate the greatest common factor of 242 and 1144297.
121
What is the greatest common divisor of 253 and 3410?
11
Calculate the greatest common factor of 143237 and 1893.
631
Calculate the greatest common factor of 216 and 727164.
108
Calculate the greatest common factor of 16 and 656016.
16
What is the greatest common divisor of 2416 and 348508?
604
Calculate the greatest common factor of 23 and 377.
1
Calculate the highest common factor of 804 and 19800.
12
Calculate the highest common factor of 7064 and 16.
8
What is the highest common factor of 252 and 867636?
252
What is the greatest common factor of 25 and 1229225?
25
Calculate the greatest common factor of 70344 and 72.
72
Calculate the greatest common divisor of 84 and 109844.
28
Calculate the highest common divisor of 185 and 8399.
37
Calculate the greatest common divisor of 1036 and 154.
14
Calculate the greatest common divisor of 2682 and 5898.
6
Calculate the greatest common factor of 21976 and 4264.
328
What is the highest common divisor of 250068 and 252?
84
What is the greatest common factor of 92295 and 7875?
315
Calculate the greatest common factor of 380 and 12475.
5
Calculate the highest common divisor of 416 and 35888.
16
What is the greatest common factor of 158 and 1665162?
158
What is the highest common divisor of 7835954 and 347?
347
What is the highest common factor of 14580 and 940?
20
What is the highest common factor of 11259 and 6291?
27
What is the highest common divisor of 4202 and 5038?
22
Calculate the highest common divisor of 303 and 4950717.
303
Calculate the greatest common factor of 100244 and 3724.
76
Calculate the greatest common divisor of 8430 and 240.
30
What is the highest common divisor of 5911 and 3381?
23
Calculate the highest common factor of 8552 and 2.
2
What is the greatest common divisor of 30 and 20238?
6
What is the greatest common factor of 783 and 74331?
27
Calculate the greatest common factor of 211722 and 42.
42
Calculate the highest common factor of 2515 and 375741.
503
Calculate the highest common factor of 10 and 97205.
5
Calculate the greatest common factor of 20422 and 2.
2
Calculate the highest common factor of 3164051 and 418.
209
Calculate the highest common factor of 155 and 211110.
155
Calculate the greatest common divisor of 9 and 166527.
9
Calculate the greatest common factor of 154 and 776072.
22
Calculate the highest common divisor of 17594 and 285.
19
Calculate the highest common divisor of 32539 and 39.
13
Calculate the highest common divisor of 7 and 5663.
7
What is the greatest common factor of 120 and 53720?
40
What is the greatest common factor of 82020 and 300?
60
Calculate the highest common factor of 211 and 317.
1
What is the greatest common divisor of 877696 and 128?
128
What is the greatest common divisor of 15 and 1085?
5
What is the greatest common divisor of 37912 and 23800?
56
Calculate the highest common factor of 4048 and 737.
11
What is the highest common factor of 106601 and 2299?
121
What is the greatest common factor of 950250 and 7?
7
What is the highest common factor of 85025 and 5907?
179
What is the greatest common factor of 82875 and 13065?
195
What is the greatest common divisor of 197 and 34?
1
Calculate the highest common divisor of 1037 and 32635.
61
Calculate the greatest common divisor of 1640 and 1460.
20
Calculate the highest common factor of 219700 and 2340.
260
Calculate the greatest common divisor of 3179043 and 63.
63
What is the greatest common divisor of 5510722 and 266?
266
What is the highest common divisor of 1138401 and 99?
99
Calculate the highest common factor of 9010 and 8500.
170
Calculate the highest common divisor of 371678 and 114.
38
What is the highest common divisor of 4553 and 5181?
157
What is the greatest common divisor of 8 and 6242?
2
What is the highest common factor of 123340 and 910?
70
What is the greatest common divisor of 6706 and 2156?
14
Calculate the greatest common divisor of 37134 and 18.
18
Calculate the highest common divisor of 76 and 373274.
38
What is the highest common factor of 10784 and 224?
32
What is the greatest common divisor of 12208 and 764526?
1526
Calculate the greatest common divisor of 217403 and 93.
31
Calculate the highest common divisor of 28 and 216356.
28
Calculate the highest common factor of 4 and 972.
4
Calculate the highest common divisor of 1506608 and 16.
16
Calculate the highest common divisor of 6700 and 1900.
100
Calculate the greatest common factor of 98 and 78106.
98
What is the highest common divisor of 710 and 8220?
10
Calculate the greatest common divisor of 318590 and 30.
10
What is the greatest common factor of 81935 and 35?
35
Calculate the greatest common factor of 114042 and 18924.
498
What is the greatest common factor of 99 and 168912?
9
Calculate the greatest common divisor of 563628 and 416.
52
What is the highest common factor of 3136 and 2350824?
392
What is the greatest common divisor of 3791 and 113061?
223
What is the greatest common factor of 5046857 and 251?
251
What is the highest common factor of 4 and 3273308?
4
Calculate the greatest common factor of 19 and 51718.
19
Calculate the greatest common divisor of 133 and 52193.
19
What is the greatest common divisor of 14547 and 975?
39
Calculate the greatest common divisor of 80 and 179152.
16
What is the highest common divisor of 140118 and 5211?
579
What is the greatest common factor of 5 and 97281?
1
Calculate the highest common divisor of 21087 and 22275.
297
What is the greatest common divisor of 10288 and 176?
16
Calculate the greatest common divisor of 1156 and 1844398.
578
What is the greatest common factor of 10 and 111590?
10
Calculate the greatest common factor of 13563 and 15579.
9
What is the highest common factor of 1356470 and 10?
10
What is the greatest common factor of 113 and 6328?
113
What is the greatest common divisor of 2133330 and 1175?
235
Calculate the highest common divisor of 16950 and 630.
30
What is the greatest common factor of 686 and 3834152?
98
Calculate the greatest common divisor of 1191 and 44861.
397
Calculate the greatest common divisor of 5129 and 5575.
223
Calculate the greatest common divisor of 1887610 and 2030.
290
Calculate the greatest common factor of 348 and 1654566.
174
Calculate the highest common divisor of 26602 and 16.
2
Calculate the highest common divisor of 279 and 13671.
279
Calculate the highest common divisor of 390 and 170547.
39
Calculate the highest common divisor of 493362 and 18.
18
What is the highest common factor of 4232 and 874?
46
What is the greatest common divisor of 48 and 6462?
6
What is the greatest common factor of 1656 and 43752?
24
What is the greatest common factor of 88 and 83996?
4